- t. What is the units digit of m?
3
Let k(r) = r**3 + 8*r**2 - 8*r + 12. Let n be k(-9). Let p(q) = q**3 - 3*q**2 + 2*q - 2. What is the units digit of p(n)?
4
Suppose -k + 181 = -q, -4*q = 5*k + q - 945. What is the hundreds digit of k?
1
Let b be -1 - -2 - (1 - 0). Suppose -2*w - 5 + 21 = b. Suppose 5*o = o + w. What is the units digit of o?
2
Let y = -30 + 21. Let h(s) = -s + 10. Let j be h(0). Let k = y + j. What is the units digit of k?
1
Let g = -13 + 70. What is the units digit of g?
7
Let b = 383 + -238. What is the units digit of b?
5
Let z(m) = 24*m**2 - 2*m + 13. What is the tens digit of z(-4)?
0
Let t(z) = -z**3 + 6*z**2 + 4*z - 9. Let x(l) = -5*l**3 + 30*l**2 + 20*l - 45. Let i(w) = 11*t(w) - 2*x(w). What is the tens digit of i(6)?
1
Suppose f = -10 + 14. Suppose -19 = -f*v + 53. What is the tens digit of v?
1
Suppose 0 = -2*i - 0 + 28. Suppose 5*l + 37 = -z + 4*z, 2*z - i = -2*l. What is the units digit of z?
9
Suppose -3*y + 1 = t, t - 5*y + 1 = -6. Suppose 5*l + 17 = 4*x, -2*x - x + 5*l = -19. What is the tens digit of (-27)/x + t/(-4)?
1
Let h(j) = 6*j + 5. Let l(m) = -7*m - 4. Let v(n) = -3*h(n) - 4*l(n). What is the units digit of v(3)?
1
Suppose 0*j + 2*j - 112 = 0. What is the units digit of j?
6
Let l(o) = -1 + 2 + 7*o + 7 + o**2. Let f be l(-6). Suppose -w = 1 - f. What is the units digit of w?
1
Let s = 6 - 9. Let f be (s - -6)*(-1 + 12). Suppose l = 4*l - f. What is the tens digit of l?
1
Suppose -3*z - 3*f = 206 - 41, -z + f = 53. Let w = -30 - z. What is the units digit of w?
4
Suppose 73 = 6*v - 635. What is the units digit of v?
8
Suppose -6*i + 7 = -5. What is the units digit of i?
2
Let o(q) be the second derivative of -q**4/12 + q**3/3 + 2*q**2 - q. Let i be o(3). Let s = 0 + i. What is the units digit of s?
1
Let b be 6 - (2 - (2 - 1)). Suppose 0 = b*q - 7 - 13. What is the units digit of q?
4
Let v(o) be the third derivative of -o**5/60 + o**4/4 - o**3/2 + o**2. Let n be v(5). What is the tens digit of ((-26)/(-4))/(1/n)?
1
What is the hundreds digit of (-7 - (6 - 8))/((-2)/158)?
3
Let k(j) = -j - 4. Let o be k(-8). Suppose -24 = -0*r + o*r. Let u = r - -9. What is the units digit of u?
3
Suppose 0 = v - 0*v - 5*b + 12, -4*v + 15 = b. Suppose -v*f = -4*y + 14, -f = -y + 5*y + 10. Let u = f + 8. What is the units digit of u?
2
Let m(l) = -l**3 - 2*l**2 + 4*l + 2. Let f be m(-3). Let v(u) = 3*u**3 + 2*u**3 - 8*u**3. What is the units digit of v(f)?
3
Let f(u) be the first derivative of u**3/3 - 2*u**2 + 7*u + 3. What is the tens digit of f(6)?
1
Let j(a) = 14*a**2. Let h(k) = -k**2 - 5*k + 5. Let z be h(-6). What is the units digit of j(z)?
4
Let u(z) = z**2 + 20*z + 29. What is the units digit of u(-19)?
0
Let b = 145 - 74. What is the tens digit of b?
7
Suppose 2*h = -h + 69. What is the units digit of h?
3
Let k(j) = -j**2 - 37*j - 7. What is the hundreds digit of k(-8)?
2
Let f = 137 - -12. What is the hundreds digit of f?
1
Suppose 7*z - 6 = z. Suppose p - 19 = 8. Suppose 4*b = p + z. What is the units digit of b?
7
Let k(m) = 19*m**3 - 5*m**2 - 4*m - 6. Let p(u) = -u**3 + u**2 + u + 1. Let l(y) = k(y) + 5*p(y). What is the units digit of l(1)?
4
Suppose 1 = 2*d - 5. Suppose 6 = m + d*t - 21, -107 = -5*m - t. What is the tens digit of m?
2
Suppose 2*n + 694 = 4*n. What is the hundreds digit of n?
3
Suppose -t + 3*t = 4*d - 8, -5*t + 8 = -3*d. Let i = 4 + d. What is the units digit of i?
8
Let g(z) = -7*z + 5. Suppose 3*n + 0*n - 2*c + 17 = 0, -5*n - c - 11 = 0. What is the units digit of g(n)?
6
Let h = 20 + -17. Suppose 2*q = -h*y + 26, -q + 0*y - y + 14 = 0. What is the tens digit of q?
1
Let j = 302 + -96. What is the tens digit of j?
0
Let d(a) = -a**3 - 4*a**2 - 11. What is the units digit of d(-5)?
4
Let d(s) be the third derivative of -s**6/120 + s**5/12 + s**4/3 - s**3/2 + 5*s**2. Let m be d(5). Suppose -3*t + m = 1. What is the units digit of t?
2
Suppose -4*y + 39 = f - 41, -4*f + 390 = 2*y. What is the units digit of f?
0
Let u = -12 + 58. Suppose -k = -u - 9. Suppose 6*r + 5*d = 3*r + k, 2*r = -4*d + 40. What is the units digit of r?
0
Suppose -4*k + 4*v - 8 + 152 = 0, -5*k + 180 = -3*v. Suppose 4*f - k = -f + y, 3*f - 4*y = 25. What is the units digit of f?
7
Let s = -106 + 185. What is the units digit of s?
9
What is the tens digit of 9*(-20)/(-18)*3?
3
What is the units digit of (-34 + 1)*3/(36/(-16))?
4
Let h(k) = -k**2 - 1. Let c(r) = -7*r**2 - 5*r - 10. Let w(n) = -c(n) + 6*h(n). What is the units digit of w(-7)?
8
Let u(a) = 5*a + 40. What is the hundreds digit of u(12)?
1
Suppose 2*z = 4*j + 4*z + 32, 4*z = -j - 22. Let r be (-6)/(-10) - 348/30. Let t = j - r. What is the units digit of t?
5
Let t = -23 + 36. Let x = t - 9. What is the units digit of x?
4
Let m(k) = k + 3. Let w be m(-5). Let n be (w + 1)*(-2 - -1). Let r = 4 + n. What is the units digit of r?
5
What is the units digit of 29 - (0 + -3 + 2)?
0
Let h = -5 - -7. Suppose -35 = -h*b - r, -r = -3*b + 8*b - 89. What is the tens digit of b?
1
Let d be (-1)/3 - 55/(-3). Suppose -i - 2*i + d = 0. What is the units digit of i?
6
What is the tens digit of (-1)/(4 - (-90)/(-22))?
1
Suppose -2*l + 330 = 4*x, -3*x + 5*l = l - 231. What is the units digit of x?
1
Let i(n) = n**3 + 10*n**2 + 12*n + 8. What is the units digit of i(-8)?
0
Suppose -i + 11 = 5. Suppose 0 = -3*r + 4*j - 8, r - j + i = j. Suppose r*g = -2 + 6. What is the units digit of g?
1
Suppose 15 = -5*l, -368 - 10 = -2*a + 4*l. What is the units digit of (-4)/(-14) + a/21?
9
Let q(m) = m**3 - 3*m**2 - 1. Let d be q(3). Let h be 0/(d - -3) - -3. What is the units digit of 2 + 3 + h/(-3)?
4
Let j = 498 + -316. What is the units digit of j?
2
Let w(t) = -2*t + 2. Let g be w(4). Let n(j) = -2*j + 5. Let p(r) = 3*r - 11. Let b(k) = -5*n(k) - 3*p(k). What is the units digit of b(g)?
2
Let h be (0 + 0)/(-6) + (-2)/(-1). Let p(r) = -3*r**2 - 4*r - 2. Let d be p(-2). Let x = h - d. What is the units digit of x?
8
Let b(n) = n**2 - n. Let v(s) be the second derivative of s**3/6 + 9*s**2/2 + 2*s. Let p be v(-7). What is the units digit of b(p)?
2
Suppose 0*w - 4*w = 0. Suppose -s = -w*s + 5. What is the units digit of 12 + s + (2 - -1)?
0
Let w(c) = 2*c. Let x be 24/14 + (-6)/(-21). What is the units digit of w(x)?
4
Let b(s) = -2*s + 7. Let m be b(6). Let z = 6 + m. What is the units digit of z?
1
Let m = -414 - -655. What is the hundreds digit of m?
2
Suppose 189 = -2*q + 9*q. What is the units digit of q?
7
Suppose -5*o - 3 = 2*p - 399, o - 4*p = 88. Suppose 2*c - o = -2*a, 0 = c - 2*a - 61 + 18. What is the tens digit of c?
4
Suppose 0 = -2*w + w + 3. Suppose 31 = 5*l - 2*t, -w*t - 2 + 3 = 2*l. What is the units digit of l?
5
Let p = 5 + -3. Suppose -o = g + p*o - 6, g = -o + 4. Let b(m) = 2*m + 4. What is the units digit of b(g)?
0
Let x = 2 - -2. Let k = 4 - 4. Suppose h - x*h + 24 = k. What is the units digit of h?
8
Let y(w) = -2*w**3 - 2*w**2 + 2*w + 3. Let g be y(-2). Let s = 18 - g. What is the units digit of s?
1
Let o(r) be the second derivative of -r**3/6 + 5*r**2 - 2*r. What is the units digit of o(5)?
5
Let h(y) = -16*y. What is the units digit of h(-2)?
2
Let a = 20 + -13. What is the units digit of a?
7
Suppose -x = -3, 5*i - 2*x - 230 = -7*x. What is the units digit of i?
3
Let o(y) be the third derivative of 5*y**4/24 - y**3/6 - y**2. Let t be o(1). Suppose -j + 5*a = -15, -t*j + j + 3*a = -21. What is the units digit of j?
5
Let x(m) = m**2 + 1. Suppose 15 = -5*h + p + 5, 4*p + 5 = 5*h. What is the tens digit of x(h)?
1
Let c = 537 - 271. What is the units digit of c?
6
Suppose 0 = -0*h + 2*h - 182. Suppose 5*w - 29 = h. What is the tens digit of w?
2
Let j be 6/(-27) + (-6)/(-27). Suppose 5*y + m + 4*m - 25 = j, 4*m = 2*y - 22. Suppose -w = -2*w + y. What is the units digit of w?
7
Let c be 1*0/(3/1). What is the tens digit of -13*(c + -1 + 0)?
1
Let t = -22 + 61. What is the tens digit of t?
3
Suppose -2*h + 29 = 5*w, 20 = -3*h - 5*w + 76. Let p = -12 + h. What is the units digit of p?
5
Suppose -2*j = -3*j + 11. Suppose -8*g + 4*g + 36 = 0. Suppose -5*q + g + j = 0. What is the units digit of q?
4
Suppose -7 = -c - 4. Let a(q) = -5*q**2 - 7 - 2*q**3 - q**2 + q**c - 7*q. What is the units digit of a(-5)?
3
Suppose 0*c - 4*c + 12 = -4*x, -2*x - 3*c + 4 